a composite number?
True
Is 102759 a prime number?
False
Is 1884293 composite?
False
Is 8791987 a prime number?
True
Is 1254959 a composite number?
False
Is 15551 prime?
True
Is 193789 prime?
True
Is 6611 prime?
False
Is 130885 a prime number?
False
Is 26587 prime?
False
Is 702881 prime?
True
Is 290593 a prime number?
True
Is 181957 prime?
True
Is 30886 a composite number?
True
Is 104239 prime?
True
Is 67901 prime?
True
Is 19673 composite?
True
Is 20245 composite?
True
Is 19661 composite?
False
Is 1001746 a prime number?
False
Is 17047 prime?
True
Is 15661 prime?
True
Is 76899 composite?
True
Is 14583 a composite number?
True
Is 76799 a prime number?
False
Is 22343 prime?
True
Is 1255279 composite?
False
Is 7247 a prime number?
True
Is 717317 composite?
False
Is 11179 composite?
True
Is 216551 composite?
False
Is 23191 composite?
True
Is 9731 prime?
False
Is 43799 a composite number?
True
Is 15177 a prime number?
False
Is 15461 a prime number?
True
Is 518261 prime?
True
Is 204583 a prime number?
True
Is 25703 a composite number?
False
Is 8301 a composite number?
True
Is 53 prime?
True
Is 96257 a composite number?
True
Is 597853 a composite number?
False
Is 389717 a composite number?
True
Is 117493 a composite number?
True
Is 19463 composite?
False
Is 111013 a prime number?
False
Is 10993 composite?
False
Is 794641 a prime number?
True
Is 547577 a composite number?
False
Is 175667 prime?
False
Is 712477 composite?
False
Is 62413 a prime number?
False
Is 6829337 a prime number?
True
Is 10497 a prime number?
False
Is 105967 a composite number?
False
Is 43699 prime?
False
Is 449 composite?
False
Is 167477 a prime number?
False
Is 3137567 prime?
True
Is 8213 prime?
False
Is 3251 prime?
True
Is 2634613 composite?
False
Is 177629 a composite number?
True
Is 441413 a prime number?
False
Is 3671 prime?
True
Is 186629 a prime number?
True
Is 29765 a composite number?
True
Is 6317 a composite number?
False
Is 53527 composite?
False
Is 2072293 composite?
False
Is 1424789 prime?
True
Is 108111 prime?
False
Is 2771 prime?
False
Is 7715 a composite number?
True
Is 85973 prime?
False
Is 1498111 a prime number?
False
Is 2204153 prime?
False
Is 176147 composite?
True
Is 546047 composite?
False
Is 7013 a composite number?
False
Is 1189 composite?
True
Is 9029 composite?
False
Is 377509 prime?
False
Is 7799 composite?
True
Is 20563 composite?
False
Is 22955 a composite number?
True
Is 2311397 a prime number?
False
Is 6599 composite?
False
Is 52099 a composite number?
True
Is 1678267 composite?
False
Is 880147 a composite number?
True
Is 114233 composite?
True
Is 2291 a prime number?
False
Is 12895 a composite number?
True
Is 1495519 composite?
True
Is 32479 a prime number?
True
Is 71303 composite?
True
Is 136649 a composite number?
False
Is 1107905 composite?
True
Is 158161 composite?
False
Is 17481 a composite number?
True
Is 226805 prime?
False
Is 677 a composite number?
False
Is 5027 a prime number?
False
Is 809943 prime?
False
Is 2081 prime?
True
Is 2437 composite?
False
Is 2363 a prime number?
False
Is 862207 a composite number?
False
Is 163031 a composite number?
True
Is 32899 a composite number?
True
Is 313733 a prime number?
False
Is 199 composite?
False
Is 14609 prime?
False
Is 16411 a composite number?
False
Is 122527 prime?
True
Is 333187 prime?
True
Is 675167 a composite number?
True
Is 8549 a prime number?
False
Is 1570535 a prime number?
False
Is 6217 prime?
True
Is 3491 prime?
True
Is 11901 composite?
True
Is 7478615 composite?
True
Is 113111 prime?
True
Is 164915 composite?
True
Is 144641 a composite number?
True
Is 113557 a prime number?
True
Is 20611 a prime number?
True
Is 4279 a prime number?
False
Is 321359 a prime number?
True
Is 108127 prime?
True
Is 53999 prime?
False
Is 17693 composite?
True
Is 280607 a prime number?
True
Is 192671 composite?
True
Is 25879 composite?
True
Is 1733 a prime number?
True
Is 9227 a composite number?
False
Is 90223 a composite number?
True
Is 49399 prime?
False
Is 152377 prime?
True
Is 151573 composite?
False
Is 316019 prime?
False
Is 401743 a composite number?
False
Is 664357 a composite number?
False
Is 25841 composite?
False
Is 8735 a prime number?
False
Is 24746 prime?
False
Is 54987 a composite number?
True
Is 286381 a prime number?
True
Is 7121 prime?
True
Is 131519 a prime number?
True
Is 4269 a composite number?
True
Is 297643 composite?
True
Is 428951 prime?
True
Is 2999 prime?
True
Is 10637 composite?
True
Is 926819 prime?
True
Is 76709 composite?
True
Is 77657 composite?
True
Is 49429 a prime number?
True
Is 11995 a composite number?
True
Is 2333 a composite number?
False
Is 24793 prime?
True
Is 19571 a prime number?
True
Is 169307 a composite number?
False
Is 2435 prime?
False
Is 475919 prime?
False
Is 8885 prime?
False
Is 3109 a prime number?
True
Is 32089 a composite number?
False
Is 2231 prime?
False
Is 19181 a prime number?
True
Is 3671663 a prime number?
True
Is 10201 a prime number?
False
Is 265 prime?
False
Is 2453 a prime number?
False
Is 5261 a composite number?
False
Is 71893 a prime number?
False
Is 20243 prime?
False
Is 16141 prime?
True
Is 5669 prime?
True
Is 9467 a composite number?
False
Is 3840203 composite?
False
Is 48197 prime?
True
Is 154571 prime?
True
Is 4939 a composite number?
True
Is 44177 prime?
False
Is 431177 a composite number?
True
Is 189109 a prime number?
False
Is 1546981 composite?
False
Is 1192927 a prime number?
True
Is 23351 composite?
True
Is 1738211 a prime number?
True
Is 1938821 a prime number?
True
Is 290039 prime?
True
Is 281663 a prime number?
True
Is 1973 a prime number?
True
Is 15559 a composite number?
False
Is 70877 prime?
True
Is 9871 prime?
True
Is 232615 composite?
True
Is 3935 a composite number?
True
Is 293 composite?
False
Is 42934 prime?
False
Is 56501 prime?
True
Is 361313 composite?
False
Is 92413 prime?
True
Is 64121 composite?
True
Is 195554 prime?
False
Is 3449 prime?
True
Is 256699 composite?
False
Is 80429 prime?
True
Is 326203 prime?
True
Is 301585 a composite number?
True
Is 376687 prime?
True
Is 2671 composite?
False
Is 6193 a composite number?
True
Is 70051 a composite number?
False
Is 39322 a prime number?
False
Is 151541 composite?
True
Is 198091 composite?
False
Is 191339 prime?
True
Is 284201 a composite number?
False
Is 18787 a prime number?
True
Is 72997 prime?
True
Is 7591 prime?
True
Is 2720551 a composite number?
False
Is 175607 a prime number?
False
Is 81799 a prime number?
True
Is 4267 a composite number?
True
Is 1073 a prime number?
False
Is 31469 composite?
False
Is 2620093 a composite number?
True
Is 169627 prime?
True
Is 83639 a prime number?
True
Is 279143 prime?
True
Is 44249 prime?
True
Is 25133 a composite number?
True
Is 8813 prime?
False
Is 35641 a prime number?
False
Is 7151 a prime number?
True
Is 238451 a composite number?
False
Is 26077 a composite number?
True
Is 176081 composite?
False
Is 2427 composite?
True
Is 5197 a prime number?
True
Is 1987 composite?
False
Is 11099 a composite number?
True
Is 75731 a composite number?
False
Is 59971 composite?
False
Is 67207 a composite number?
True
Is 2481797 composite?
False
Is 1218991 a prime number?
True
Is 7435 a composite number?
True
Is 11855 composite?
True
Is 633 a prime number?
False
Is 98723 a composite number?
True
Is 44351 composite?
False
Is 97 prime?
True
Is 3181 prime?
True
Is 337 a prime number?
True
Is 3755 composite?
True
Is 2010473 a composite number?
True
Is 423193 prime?
False
Is 44771 prime?
True
Is 3691 prime?
True
Is 12182 a composite number?
True
Is 151831 a composite number?
True
Is 104459 a composite number?
False
Is 807797 composite?
False
Is 29411 a prime number?
True
Is 56767 composite?
False
Is 1917977 a prime number?
True
Is 3973 prime?
False
Is 631 composite?
False
Is 22009 prime?
False
Is 4663 a prime number?
True
Is 96977 composite?
True
Is 50923 composite?
False
Is 32773 a prime number?
False
Is 24691 a prime number?
True
Is 359 a prime number?
True
Is 1507 prime?
False
Is 902933 a composite number?
False
Is 650437 a composite number?
True
Is 160933 composite?
False
Is 64799 a composite number?
True
Is 59687 a composite number?
True
Is 273133 a composite number?
True
Is 156911 prime?
False
Is 50143 prime?
False
Is 530087 a prime 